2?
6
What is the ten thousands digit of 834894797?
9
What is the millions digit of 908024752?
8
What is the ten millions digit of 226632444?
2
What is the ten thousands digit of 360311904?
1
What is the millions digit of 5477404086?
7
What is the ten millions digit of 378900761?
7
What is the ten millions digit of 16662405?
1
What is the hundred thousands digit of 6269165?
2
What is the hundreds digit of 969695192?
1
What is the hundred thousands digit of 158053303?
0
What is the hundred thousands digit of 103839205?
8
What is the hundred thousands digit of 640429819?
4
What is the ten thousands digit of 225803555?
0
What is the hundred thousands digit of 202193372?
1
What is the thousands digit of 10996470?
6
What is the tens digit of 910525446?
4
What is the ten thousands digit of 4214973182?
7
What is the millions digit of 16351126?
6
What is the hundred millions digit of 849126177?
8
What is the hundreds digit of 1859503572?
5
What is the thousands digit of 7564857?
4
What is the hundreds digit of 49261576?
5
What is the tens digit of 24262988?
8
What is the ten millions digit of 6331941318?
3
What is the tens digit of 89446240?
4
What is the hundreds digit of 256145330?
3
What is the units digit of 60990?
0
What is the ten thousands digit of 42989395?
8
What is the hundred millions digit of 128595860?
1
What is the billions digit of 2389513482?
2
What is the millions digit of 40485372?
0
What is the millions digit of 86787218?
6
What is the hundreds digit of 3296453403?
4
What is the millions digit of 10731473?
0
What is the thousands digit of 52623081?
3
What is the hundred thousands digit of 1225089398?
0
What is the ten thousands digit of 4696326242?
2
What is the ten thousands digit of 91262315?
6
What is the millions digit of 200232089?
0
What is the ten thousands digit of 2147286297?
8
What is the units digit of 25253633?
3
What is the ten millions digit of 310570935?
1
What is the units digit of 349058124?
4
What is the tens digit of 1940188322?
2
What is the billions digit of 8472767407?
8
What is the thousands digit of 3186871858?
1
What is the millions digit of 112676857?
2
What is the billions digit of 3140650080?
3
What is the ten thousands digit of 35362008?
6
What is the hundreds digit of 3014278213?
2
What is the thousands digit of 1027585202?
5
What is the hundred thousands digit of 54930349?
9
What is the hundreds digit of 1891594938?
9
What is the hundred thousands digit of 435102677?
1
What is the ten thousands digit of 74100513?
0
What is the millions digit of 770555652?
0
What is the ten millions digit of 13471568?
1
What is the tens digit of 24550868?
6
What is the tens digit of 30263927?
2
What is the millions digit of 2352401986?
2
What is the units digit of 33867549?
9
What is the millions digit of 65760277?
5
What is the hundred thousands digit of 854700496?
7
What is the hundred thousands digit of 1198309238?
3
What is the thousands digit of 2315104721?
4
What is the millions digit of 235902668?
5
What is the hundreds digit of 90946865?
8
What is the units digit of 1219178690?
0
What is the ten thousands digit of 1255860715?
6
What is the ten thousands digit of 1253744424?
4
What is the thousands digit of 775915374?
5
What is the hundred thousands digit of 234284179?
2
What is the thousands digit of 2903839824?
9
What is the units digit of 1960347418?
8
What is the hundred thousands digit of 1213848382?
8
What is the hundreds digit of 366534684?
6
What is the ten thousands digit of 1425920829?
2
What is the billions digit of 1086526931?
1
What is the tens digit of 216062458?
5
What is the tens digit of 613872850?
5
What is the hundred thousands digit of 200908318?
9
What is the ten millions digit of 6456109935?
5
What is the millions digit of 390362676?
0
What is the tens digit of 888470007?
0
What is the hundreds digit of 25200170?
1
What is the billions digit of 1233241026?
1
What is the hundred thousands digit of 344483757?
4
What is the tens digit of 1154071835?
3
What is the units digit of 6768261045?
5
What is the ten millions digit of 32389215?
3
What is the units digit of 431519958?
8
What is the tens digit of 6217734?
3
What is the hundred millions digit of 1541976701?
5
What is the hundred thousands digit of 83422380?
4
What is the millions digit of 184282796?
4
What is the thousands digit of 794049072?
9
What is the ten millions digit of 400691451?
0
What is the millions digit of 52074960?
2
What is the hundreds digit of 1284429271?
2
What is the thousands digit of 272389485?
9
What is the hundred millions digit of 156148467?
1
What is the units digit of 1061006424?
4
What is the millions digit of 10915596?
0
What is the hundred thousands digit of 16088575?
0
What is the units digit of 215594444?
4
What is the hundred thousands digit of 29978664?
9
What is the ten thousands digit of 2002982601?
8
What is the units digit of 1111646084?
4
What is the millions digit of 26202287?
6
What is the units digit of 436625306?
6
What is the hundred thousands digit of 267815904?
8
What is the tens digit of 6037787775?
7
What is the millions digit of 4213695596?
3
What is the hundreds digit of 459731479?
4
What is the ten thousands digit of 32233278?
3
What is the millions digit of 110164853?
0
What is the tens digit of 2157263765?
6
What is the tens digit of 46966193?
9
What is the units digit of 1980811966?
6
What is the tens digit of 57928763?
6
What is the tens digit of 473680183?
8
What is the hundred millions digit of 543126718?
5
What is the thousands digit of 261315232?
5
What is the tens digit of 314848260?
6
What is the units digit of 146315102?
2
What is the ten thousands digit of 68063185?
6
What is the hundred thousands digit of 24693583?
6
What is the thousands digit of 75528976?
8
What is the tens digit of 486821912?
1
What is the hundreds digit of 47903700?
7
What is the ten millions digit of 3251853645?
5
What is the hundreds digit of 577642255?
2
What is the thousands digit of 17457551?
7
What is the ten thousands digit of 341725698?
2
What is the ten millions digit of 18376582?
1
What is the units digit of 1833265547?
7
What is the millions digit of 577929266?
7
What is the hundred millions digit of 516655023?
5
What is the units digit of 42467053?
3
What is the billions digit of 7833582592?
7
What is the hundred thousands digit of 105725840?
7
What is the units digit of 524866?
6
What is the billions digit of 3475734658?
3
What is the tens digit of 230009611?
1
What is the ten thousands digit of 338110186?
1
What is the thousands digit of 99792912?
2
What is the ten millions digit of 2632365647?
3
What is the hundred millions digit of 332430933?
3
What is the tens digit of 916370227?
2
What is the units digit of 32197466?
6
What is the hundreds digit of 4057242?
2
What is the hundred thousands digit of 440065075?
0
What is the ten thousands digit of 406845820?
4
What is the thousands digit of 2093662634?
2
What is the millions digit of 97618058?
7
What is the hundreds digit of 8671899?
8
What is the hundred thousands digit of 98933219?
9
What is the thousands digit of 1745057328?
7
What is the millions digit of 44548961?
4
What is the thousands digit of 133722673?
2
What is the ten thousands digit of 712254158?
5
What is the hundred thousands digit of 4193164653?
1
What is the ten thousands digit of 1643584332?
8
What is the tens digit of 415222787?
8
What is the tens digit of 717115699?
9
What is the hundred millions digit of 106959667?
1
What is the hundred thousands digit of 18751978?
7
What is the ten thousands digit of 172430378?
3
What is the ten millions digit of 99708131?
9
What is the billions digit of 1466370282?
1
What is the hundred thousands digit of 668016832?
0
What is the hundred thousands digit of 4108246751?
2
What is the hundred thousands digit of 523344839?
3
What is the thousands digit of 519780784?
0
What is the thousands digit of 30170608?
0
What is the ten thousands digit of 56100116?
0
What is the thousands digit of 668283940?
3
What is the ten millions digit of 1715563816?
1
What is the hundred thousands digit of 16394762?
3
What is the hundreds digit of 393166228?
2
What is the millions digit of 60959932?
0
What is the thousands digit of 45194871?
4
What is the te